 w(a). Calculate x(-7).
9
Let f(g) = -8*g**3 - g**2 + 1. Let h(v) = v**3 + 6*v**2 + 5*v + 2. Let k be 10/4*6/(-3). Let b be h(k). Let q be (b/(-4))/((-9)/(-18)). What is f(q)?
8
Let r = 5 + 17. Suppose 4*v = -2*y + r, -4*v + 4*y - y = -7. Let t(c) = -c**2 + 4*c + 3. Determine t(v).
3
Let h(p) be the second derivative of 4*p**3/3 - p**2/2 + 11*p + 3. Suppose 0 = 5*v - 20 - 15. Let y(i) = i**3 - 8*i**2 + 8*i - 6. Let f be y(v). Determine h(f).
7
Suppose 12*f + 69 = 21. Let a(d) = 2*d**2 + 6*d + 2. What is a(f)?
10
Let i(t) be the second derivative of -t**5/20 + 2*t**4/3 + t**3/6 - 11*t**2/2 + 38*t. Let u be i(8). Let r(j) = -j**3 - j**2 + 2. What is r(u)?
20
Let k = 36 - 39. Let z(t) = -3 + 4 + 5 + 4*t - 2. What is z(k)?
-8
Let w(b) = -4 + 297*b - 98*b - 96*b + 7 - 104*b. Calculate w(-3).
6
Let k = 3 + -4. Let o(w) = -w + 12*w - 9*w - w + 6*w**2. What is o(k)?
5
Let r(i) = -4*i - 6. Let k(q) = -q**2 + 10*q + 4. Let a be k(6). Suppose -8*f + f = a. What is r(f)?
10
Let t = 0 - 2. Let v be 1 - 0*t/(-4). Let j(g) be the third derivative of -g**5/60 + g**4/8 - g**3/6 + 22*g**2. Give j(v).
1
Let a(r) be the first derivative of r**2/2 + 2*r - 3. Let g be (-24)/(-9)*(-75)/(-20). Let t be (-26)/6 - g/(-30). Determine a(t).
-2
Let r(m) = -m - 3. Let n be r(-7). Let y(p) = -4*p - 2*p - n + 4*p + 3*p - p**3 + p**2. Suppose 4 = -2*g - j - 0*j, -4*g - 5*j = 20. Calculate y(g).
-4
Let v(o) = -o**3 + 6*o**2 - 2*o - 7. Suppose 14 = -3*m + 44. Suppose -2*h - m = -3*z, 2*z - h - 16 = -2*h. Determine v(z).
-19
Let a = -38 - -41. Let i(l) = a + 9 - 5 - l + 1. Let x be (-1 + 1)/(6/(-6)). Determine i(x).
8
Let f(b) = 11*b**3 + 3*b**2 + 73*b + 3 - 10*b**3 - 71*b. Calculate f(-3).
-3
Let q(p) = -1 + 5*p + 3 + 3 - 11 + 7. What is q(7)?
36
Let o(j) = j**2 + 5*j - 3. Suppose -70 = -16*a + 6*a. Suppose a*z + 17 = -18. Determine o(z).
-3
Let f = 2 + -9. Let n be (3 - 3 - 5) + 0. Let k(i) = -i - 12. Let w(q) = -q - 11. Let g(v) = n*w(v) + 4*k(v). Determine g(f).
0
Let a(b) = 9*b + 19. Let o(n) = 4*n + 10. Let j(f) = 3*a(f) - 7*o(f). Calculate j(-6).
-7
Let r(y) = -3*y**2 + 7*y - 4. Let g(p) = -7 + 1 - 7*p**2 - 1 + 14*p + 0. Let h(b) = -2*g(b) + 5*r(b). Let v = 13 - 6. Calculate h(v).
-6
Let p(t) = -4*t**3 + 5*t**2 + 5*t + 7. Let b(g) = 18*g**2 - 12*g**2 - 4*g**3 - g**3 + 0 + 8 + 6*g. Let x(k) = -5*b(k) + 6*p(k). Give x(-2).
-6
Suppose 15*h = -8*h + 138. Let g(z) = z**3 - 7*z**2 + 5*z - 1. Calculate g(h).
-7
Suppose -14*l - 34 = 8. Let i be 0 + 2 + (-2 - (l + -1)). Let n(m) = 5*m + 3. Calculate n(i).
23
Let f(a) be the first derivative of 2*a**4 - 2*a**3/3 + a**2 - a + 45. What is f(1)?
7
Let j(s) = -7*s - 9. Let g(d) = -14*d - 17. Let v(x) = 2*g(x) - 5*j(x). Let r(y) = -3*y - 5. Let l(f) = -9*r(f) - 4*v(f). Determine l(-3).
4
Suppose -4157*u = -4141*u + 16. Let h(c) = 21*c**3 + 7*c**2 - 3*c. Let p(d) = 31*d**3 + 10*d**2 - 4*d. Let k(j) = 7*h(j) - 5*p(j). What is k(u)?
8
Let n = 95 + -91. Let t(d) be the first derivative of -d**3/3 + 2*d**2 + d + 3. Calculate t(n).
1
Let u(k) = 2*k**2 + 3*k + 6*k**2 + 3680 - 3683. Give u(2).
35
Suppose 5*z + 40 = -5*o, -107*o = -106*o - z. Let i(g) be the third derivative of -1/8*g**4 + 0*g - g**3 + 0 + g**2. What is i(o)?
6
Let h(o) = o**2 - 1. Suppose v - 12 = -39. Let n = -29 - v. Determine h(n).
3
Let x(v) be the second derivative of v**5/20 + v**4/12 - 2*v**3/3 - v**2/2 + 142*v. What is x(-4)?
-33
Suppose 6*a + 10 = 8*a. Suppose -5*h = 5*c - 35, -5*h + 2*c + 20 = 6. Let z(v) = 2*v + h*v - 1 + 2 - v**3 + 4*v**2. Give z(a).
6
Suppose 4*r - 8*r + 8 = 0. Suppose -3 = -3*q + r*p - 0, -5*p = 5*q - 30. Suppose 3*g - 8 = 1, q*s - g = 0. Let n(i) = -8*i**2 + i - 1. Calculate n(s).
-8
Let o(s) be the third derivative of s**7/840 + s**6/120 - s**5/60 + s**4/12 + 11*s**3/6 - 9*s**2. Let g(c) be the first derivative of o(c). Calculate g(-3).
8
Suppose 2*a - 31 + 11 = 0. Let h(f) = -f + 3. Calculate h(a).
-7
Let l(u) = u - 1. Let x be l(2). Let a(p) = 3*p + 5*p - 13 + 12. What is a(x)?
7
Suppose 2*f + 46 = 45*f - 40. Let i(h) = 1 - h - 1. Determine i(f).
-2
Let f = -180 - -178. Let c(o) = 6*o**2 + 8*o + 8. Let t(u) = 5*u**2 + 7*u + 7. Let b(p) = 4*c(p) - 5*t(p). Determine b(f).
-1
Let s(l) = 4 + 11*l**2 - 18*l**3 - 15*l**3 + 50*l**3 + l - 16*l**3. Calculate s(-11).
-7
Suppose 5*c - 293 = 202. Suppose 4*s + 75 - c = 0. Let x(l) = -l**2 + 5*l - 6. Determine x(s).
-12
Let z(d) = -6*d - 6. Let t(i) = -15*i - 11. Let a(v) = -3*t(v) + 5*z(v). Calculate a(-2).
-27
Let b(y) = y + 1. Let d(c) = -6*c - 5. Let l(i) = -11*b(i) - 2*d(i). Let o = 62 - 67. What is l(o)?
-6
Let y(x) = -x**2 + 5*x - 9. Let f(h) = -24*h + 126. Let d be f(5). Calculate y(d).
-15
Let o(b) = 2*b**2 + 3*b + 2. Let q(s) = -s**3 - 12*s**2 - 12*s - 13. Let u be q(-11). Calculate o(u).
4
Let h(j) = 13*j. Let c = -216 + 213. Give h(c).
-39
Let v(o) = o**2 + 5*o + 5. Let x(k) = -k**3 + 10*k**2 - 16*k + 58. Let a be x(9). Calculate v(a).
5
Let b = -1 - 0. Let k(x) = 2. Let u(h) = -1. Let n(o) = -2*k(o) - 3*u(o). Let y(g) = -g + 4. Let p(f) = -5*n(f) - y(f). What is p(b)?
0
Let c be 2/(-4)*8/(-1). Let i(j) be the first derivative of -12 + 3*j**2 - 1/3*j**3 + 0*j. Give i(c).
8
Let n(r) = r**2 - 4*r - 3. Suppose -2*g - 4*g + 210 = 0. Suppose g = 7*w + 7. Give n(w).
-3
Suppose -u - 3*u - 8 = 0. Let c be (u/(-5))/(2/(-10)). Let a(x) = 33128*x**2 + 3*x - 4*x - 33127*x**2. What is a(c)?
6
Suppose 20 = -8*k + 108. Let i(w) = 0 + k*w - w**2 - 3*w + 3 - 1. Determine i(4).
18
Suppose -a = 3*o + 1, -3*a = 1 + 11. Let q be (-48)/(-12) - o*-3. Let g = q + -8. Let k(s) = 4*s**2 + s + 1. Give k(g).
4
Let w(d) be the first derivative of -d**3/3 - 5*d**2 + 13*d + 566. Determine w(-12).
-11
Let r(i) = 9*i + 1. Suppose -60 = -5*c - 55. What is r(c)?
10
Let l(i) = 7*i - 3. Let s be l(3). Suppose 4*d = 7*d + s. Let r be (d + (6 - 3))/(-1). Let f(x) = -x**2 + 4*x - 1. Calculate f(r).
2
Suppose 2*k = 12 - 6. Let d(n) = n**2 - 4*n**2 - k*n + 4*n**2 + 1. What is d(2)?
-1
Let b(t) = t**2 - 5*t - 1. Let j(g) = 3*g**2 - 3*g + 4. Let z(o) = 4*o**2 - 3*o + 4. Let d(l) = -5*j(l) + 4*z(l). Let i be d(-5). Determine b(i).
5
Let l(f) = 13*f**2 + f. Let i = 29 - 28. Determine l(i).
14
Let y(z) = -39*z + 4 - 6 + 0 + 1 + 40*z. Calculate y(-4).
-5
Let i(l) = 3*l + 4. Let c(z) = 2*z - 17. Let d be 20/(0 - -4) - (1 - 3). Let g be c(d). What is i(g)?
-5
Let u be 16*(-35)/(-10)*(-5)/35. Let g(k) = k**3 + 9*k**2 + 5*k - 18. Calculate g(u).
6
Let y(f) = f**3 + 14*f**2 - f - 10. Suppose 4*m + 61 = -5*p, -2*p + 4*p = -3*m - 44. What is y(m)?
4
Suppose t + 0*t - 14 = 3*s, 2*t = 4*s + 22. Let r(u) = t*u - 4*u + u + 5 - u**2 - 4. Determine r(5).
-14
Let y(t) be the first derivative of t**4/4 + 3*t**3 + 5*t**2 + 7*t + 61. Calculate y(-8).
-9
Suppose -4*r - 76 = -68. Let z(v) = 6*v - 2. Calculate z(r).
-14
Let x(c) = 3*c**3 - c**3 - 41 + 27 + 5*c + 6*c**2 + 19. Determine x(-4).
-47
Let l(x) = 3*x**2 + 7*x. Let t(p) = -4*p**2 - 11*p. Let j(r) = 7*l(r) + 5*t(r). Let u be 2 + 3 + 4 + -5 + 1. Determine j(u).
-5
Let g = -232 - -239. Let y(c) = -4*c - 9. Determine y(g).
-37
Let p(i) = 5*i - 4*i**3 + 5*i**3 + 3 - 4*i + 5*i**2 - 6. Let x = 2 - 3. Let r be x/((-6)/(-10))*3. Give p(r).
-8
Let g(r) = r**2 - 6*r - 11. Let a be g(7). Let d(j) = 7*j + 22. Determine d(a).
-6
Let v(l) = -2*l + 5. Let d = -12 - -14. Suppose d*o = -1 + 5. Let r be (-25)/(-5) + (-2)/o. Determine v(r).
-3
Let m(w) = 11*w - 6. Let j be m(7). Let i(k) = -k + 2*k**3 - 71*k**2 + j*k**2. Suppose -16*o = -0 + 16. Determine i(o).
-1
Suppose -4*s - 4*y - 8 = 8, y = s - 2. Let m(i) be the first derivative of -i**3/3 - i - 213. Determine m(s).
-2
Suppose 4 = -4*s + 2*s + 4*y, -5*s - 5*y + 20 = 0. Let n(i) = i**3 + 32 - 6*i - 6*i**s - 2*i**3 - 37. Calculate n(-5).
0
Let b(k) = 3*k**3 - 11*k**2 - 22*k + 6. Let p(s) = 2*s**3 - 7*s**2 - 14*s + 4. Let g(q) = 5*b(q) - 8*p(q). Determine g(-3).
28
Let h(t) be the third derivative of -t**5/40 - t**4/8 - t**3 - 13*t**2. Let y(o) be the first derivative of h(o). Determine y(-3).
6
Let q(s) = s + 98 - 43 - 44. Give q(-7).
4
Suppose 63*c = 2*c. Let h(q) be the third derivative of q**5/60 - q**4/24 + q**3 + 3*q**2. Calculate h(c).
6
Let s(z) be the second derivative of -z**5/40 - z**4/8 - 3*z**3/2 + 10*z. Let u(n) be the second derivative of s(n). Give